 = -461 - -451. Let w be 45/(-2)*11/(-165)*h. Determine u(w).
-8
Let v be 5/(-2)*(33 - 35). Suppose -22*p + v + 17 = 0. Let z(h) = 17*h**2 - 1. Give z(p).
16
Let p(x) = -7*x**2 - 294*x - 289. Let l be p(-41). Let g(h) = -8*h**2 - 3*h - 10. Give g(l).
-36
Let r(w) = -2*w**3 + 19*w**2 - 5*w - 20. Let q be r(9). Let y = q + -16. Let g(v) = -v + 3. What is g(y)?
3
Let s(y) = -2*y + 35. Let a = -3907 - -3935. Calculate s(a).
-21
Let r(b) be the third derivative of -b**4/8 - b**3/6 + 1460*b**2. Determine r(5).
-16
Suppose 188 - 318 = -5*m. Suppose -121 = -m*t + 87. Let r(n) = n**2 - 5*n - 7. Give r(t).
17
Let h(k) = k**2 - 3*k - 11. Let m = 6559 - 6564. Calculate h(m).
29
Let u = 24 + -21. Suppose -3*s + 3*p = -117, -98 = -u*s + 4*p + 19. Let j(r) = -13 - r + s - 9 + 0*r. What is j(0)?
17
Let l(i) = -7603*i - 7613*i + 3*i**2 - 14 + 15218*i - 4*i**2. Determine l(-7).
-77
Let o(b) = 83*b + 2 + 91*b - 262*b + 85*b. Suppose 3*n + 32 = 2*h, -9 + 3 = 3*h. Let a = -9 - n. Determine o(a).
-7
Let j(b) be the third derivative of b**5/60 + 5*b**4/12 + b**3/3 + 2*b**2. Suppose -2*m + 1333*v - 5 = 1336*v, 0 = -3*m - 2*v - 20. What is j(m)?
2
Let k(a) = -11*a**2 + 3*a + 12. Let j(g) = 16*g + g**2 - 10*g + 3*g**2 - 5*g - 1. Let d(m) = 3*j(m) + k(m). Calculate d(-8).
25
Let c(z) = 23 + z**2 - 9 - 18*z + 23*z - 18 + 0*z**2. Suppose -2*p = -4*b - 72, 5*p = 20 - 0. Let i = b + 11. Give c(i).
-4
Let h(w) = -2*w - 9. Let u(a) = 3*a + 10. Let l(v) = 6*h(v) + 5*u(v). Let n be 144/(-64) - 2*56/64. Determine l(n).
-16
Suppose 2*s + 5*l - 12 + 8 = 0, 5*s = 3*l + 10. Let o(a) = a**2 + 104*a + 110*a - 210*a + a**s. Determine o(-5).
30
Let f(u) = 2*u**3 + 13*u**2 - 15*u - 27. Let o(d) = 5*d**3 + 26*d**2 - 31*d - 59. Let y(n) = -7*f(n) + 3*o(n). Calculate y(12).
12
Let w(u) = 18*u**2 - 41*u**2 - 24*u + 9*u**2 + 12*u**2 - 57. Calculate w(-8).
7
Let b(x) = -x**3 + 2*x**2. Let t(v) = -v**3 + 3*v**2 + v + 10. Let w(m) = 8*m + 113. Let k be w(-14). Let c(s) = k*t(s) - 2*b(s). Calculate c(0).
10
Let l(i) = 12*i + 22. Let z(u) = -5*u + 6. Let g(w) = -3*w + 7. Let y(x) = 6*g(x) - 5*z(x). Let c(s) = -3*l(s) + 5*y(s). Determine c(0).
-6
Suppose 98*r = 52*r + 138. Suppose -2*f + 3 + 1 = 0. Let k(b) = r - 7*b + b + 2*b - f*b + b**2. Calculate k(6).
3
Let d = -13 + 11. Let p be (45/18)/(d - 10/(-4)). Let f(a) = -2*a**2 + 9*a. Let r(h) = -h**2 + 5*h. Let x(u) = 2*f(u) - 5*r(u). What is x(p)?
-10
Let d(h) be the third derivative of 3*h**4/8 - 7*h**3/2 + 1990*h**2. Calculate d(-6).
-75
Suppose 4*o - 4*y = 1280, 2*y + 325 = o - 0*y. Suppose -335 + o = 5*k. Let r(v) = -v**2 - 3*v - 6. Calculate r(k).
-10
Let h(u) = -53*u + 185. Let b(d) = -107*d + 371. Let p(x) = -6*b(x) + 11*h(x). Let s be p(3). Let n(j) = j**2 + 13*j - 12. Calculate n(s).
2
Let a(f) = -f**3 + 2*f**2 + 9*f - 5. Let s(j) = -3*j**3 + 5*j**2 + 26*j - 12. Let h(y) = -11*a(y) + 4*s(y). Determine h(-3).
1
Let k(l) = -2*l**2 - 29*l - 5. Let p be k(-14). Suppose -u - p = -4*u. Let r(g) = 1 + g**3 + g + g**3 + 2*g**u - 3*g**3. Calculate r(-2).
-9
Let b(c) be the third derivative of c**4/8 + 3*c**3 + 333*c**2 + 5. What is b(-5)?
3
Suppose -230*n + 241*n + 33 = 0. Let o(a) = -2*a - 15. Calculate o(n).
-9
Let h(c) = c**2 + 6*c - 3. Let m = -11 - -13. Suppose 3*t - m*j = 5, 3*t = -t + j + 15. Suppose t*o - 4*y = -25 - 21, 0 = o - 4*y + 22. Give h(o).
-3
Suppose 1203 = 5*o + 1233. Let s(d) = -26*d - 32. Determine s(o).
124
Let k(o) = -o**3 + 24*o**2 - 22*o - 53. Let t = -4320 - -4343. Give k(t).
-30
Let o = -313 + 313. Let m be -5*(0 + (o - -1)). Let l(b) = -b**2 - 4*b + 1. What is l(m)?
-4
Let q(i) be the third derivative of -i**6/120 - i**5/6 - 7*i**4/12 - 3*i**3 + 109*i**2 + 1. Give q(-8).
-34
Let x(o) = -3*o**3 + 14*o**2 + 6*o + 8. Let s(q) = -q**3 + q**2 + 6. Let r(f) = 4*s(f) - x(f). Give r(-9).
-11
Let m(y) = -14*y + 3. Suppose -4*v - 4 + 0 = -2*l, -2 = -l - 3*v. Let t(o) = 6*o - 2. Let k(i) = l*m(i) + 5*t(i). Calculate k(-4).
-12
Let g(x) = 7*x**3 + 11*x**2 - 8*x - 8. Suppose 124*b = 119*b + 25. Let n(d) = 6*d**3 + 10*d**2 - 7*d - 6. Let r(z) = b*g(z) - 6*n(z). Determine r(-5).
-14
Let v be 5/4*(1 - -3). Let a be ((-2)/v)/(2/20). Let w(h) = 11*h + 4. Let s(n) = -24*n - 9. Let i(p) = -6*s(p) - 13*w(p). Calculate i(a).
-2
Let d(c) = -2*c**2 + 21*c - 22. Suppose -4*m - 5 + 20 = 3*o, 0 = -o - 3*m. Give d(o).
5
Let s(w) = -9 + 10 - 45651*w + 22826*w + 22826*w. Suppose -3*r - 18 = -0*r. What is s(r)?
-5
Let l(w) = w + 1. Let q = -722 - -717. Let c(h) be the third derivative of -h**6/120 - h**5/12 - h**4/24 - h**3 - 2*h**2. Let a be c(q). Calculate l(a).
0
Let u(s) = s**2 + 4*s + 13. Suppose -3*q + 220 = w + 225, -10 = 2*w. Determine u(q).
13
Let a(p) be the first derivative of -p**4/4 + 5*p**3/3 - 3*p**2/2 - 4*p - 1186. Calculate a(6).
-58
Let v(h) be the third derivative of h**6/120 - 17*h**5/60 + h**4/6 - 31*h**3/3 + 2916*h**2. Give v(17).
6
Let p(j) = j**2 - j + 2. Let z(l) = l**3 - 4*l**2 - 3*l + 13. Let d be z(4). Let n(r) = -4*r**2 + 12*r - 14. Let y(t) = d*n(t) + 3*p(t). What is y(7)?
6
Suppose 3*x - j = 4*j - 24, 4*j = 0. Let n be 2/4 + 52/x. Let k(v) = 222 + 545*v - 221 - 547*v. Calculate k(n).
13
Let w(a) be the second derivative of a**3/3 + 9*a**2/2 + a. Suppose 2*g = n - 11, -12*n - 18*g + 21*g = 36. Calculate w(n).
-1
Let p(o) = 4*o**2 - 2*o + 3. Let f(j) be the third derivative of 7*j**4/3 + 197*j**3/3 + 53*j**2 + 2*j. Let y be f(-7). Give p(y).
15
Let o(c) = -2*c - 3. Let h be 2/5 - (4 + (-114)/15). Let z be (-7 - -5)/((h/(-5))/(-2)). Determine o(z).
7
Let v(j) = j**3 - j**2. Let t(c) = 16*c + 6*c - 7 - 8*c - 5*c. Let g be t(1). Determine v(g).
4
Suppose 0 = f + 3*r + 1, 2*f - 164 = -4*r - 162. Let d(k) = 4*k**2 - 13*k + 2. What is d(f)?
37
Let y(h) = -h**2 - 44*h - 195. Let v be y(-5). Let u(d) = -2*d**3 - d**2 + 2*d - 2. Determine u(v).
-2
Let r be (-2)/(-16) - (-35351)/(-184). Let z = -140 - r. Suppose 4*m = 4*t - 0*t - z, 0 = t - 2*m - 16. Let d(a) = a - 4. What is d(t)?
6
Let j(a) = 7*a**2 - 17*a + 3. Let q(d) = d**2 - 3*d + 1. Let g(b) = j(b) - 5*q(b). Let s be -1 + 0*(-3)/12. Determine g(s).
2
Suppose -5*f - 2 = -12. Let w(y) = 73900*y + 6065*y**2 + 1 + y**3 - 73902*y - 6066*y**2. Determine w(f).
1
Let v(i) = -5*i + 1 - 2*i**3 - 33*i**2 - i**3 + 2*i**3 + 39*i**2 - 2*i. Suppose -3*r - 4*l = -r - 6, -5*r + 26 = -l. Determine v(r).
-9
Let j(q) be the first derivative of q**4/4 - 8*q**3/3 - 6*q**2 + 18*q + 662. Give j(9).
-9
Let j(y) = 6*y. Let v = 12 - 8. Suppose 0 = -v*k + 19*k - 345. Let l = k + -25. Give j(l).
-12
Let y(v) = -v**3 + 6*v**2 - 5*v - 3. Let z(q) = 2*q**3 - 6*q**2 + 6*q - 11. Let o be z(4). Suppose 131 = -3*p + 11. Let s = p + o. What is y(s)?
-3
Let k(o) = -2*o - 2 - o + 3 + 4*o. Let s(i) = -12*i + 17. Let g(j) = -2*j + 1. Let x(l) = -4*g(l) + s(l). Let w be x(2). Calculate k(w).
6
Let v(d) = -11*d**3 - 11*d**2 - 4*d - 10. Let q(h) = 51*h**3 + 53*h**2 + 19*h + 45. Let u(i) = -3*q(i) - 14*v(i). Let t be 0 - (11 - 1)/(-2). Determine u(t).
0
Let u be ((-2)/3)/(10 - (-549)/(-54)). Suppose -3*i + 23*h + 32 = 27*h, -i = -u*h + 16. Let s(g) = g**3 - 3*g**2 - 4*g + 1. What is s(i)?
1
Let c be (-15)/(-5) + -6 - -6. Let y(u) = 0 + 2*u**2 - 14*u**2 + 2*u + u**3 + c + 0 + 13*u**2. Let a = 4 - 6. Calculate y(a).
-5
Let f(n) be the first derivative of -n**4/4 - 4*n**3/3 + 7*n**2 + 8*n + 3598. Give f(-4).
-48
Let c(l) be the first derivative of -l**2 - 28*l - 35. Give c(-21).
14
Let c = -13104 - -13103. Let a(q) = 56*q - 2. Give a(c).
-58
Let q be (-50)/325 + 2/13. Let i(r) be the third derivative of r**5/60 + r**4/12 + 5*r**3/6 - 491*r**2. What is i(q)?
5
Suppose 13 = -767*n + 766*n + 4*b, -b = 0. Let p(d) = 2*d + 44. Determine p(n).
18
Suppose -2*i = -v - 476, 1110 = 3*i + 5*v + 409. Suppose -i = 7*l - 174. Let p(x) = 2*x + 15. Determine p(l).
-3
Suppose 3*w - 95 = 57*t - 53*t, 4*t + 3*w + 65 = 0. Let b(z) = -4*z - 58. Give b(t).
22
Let z(f) = 9*f**3 - 4*f**2 + 9*f - 12. Let g = -396 + 393. Let d(j) = 4*j**3 - 3*j**2 + 4*j - 6. Let o(w) = g*z(w) + 7*d(w). Calculate o(9).
3
Let n(z) = -693384 - 2*z - 3*z + 693380. Let w = -13 - -9. Give n(w).
16
Let f(t) = -2*t**2 + 6*t - 30. Let p(j) = -j**2 + 3*j - 11. Let k(l) = 3*f(l) - 7*p(l). Give k(5).
-3
Let u(f) be the second derivative of 10*f + 2*f**2 + 1/3*f**3 + 0. Le